00?
2, 3, 5, 2801
What are the prime factors of 301618?
2, 239, 631
What are the prime factors of 1229846?
2, 149, 4127
List the prime factors of 30358.
2, 43, 353
List the prime factors of 2938161.
3, 17, 53, 1087
What are the prime factors of 13205472?
2, 3, 7, 43, 457
What are the prime factors of 3962001?
3, 1320667
List the prime factors of 451761.
3, 150587
What are the prime factors of 5305252?
2, 1326313
List the prime factors of 6072100.
2, 5, 41, 1481
What are the prime factors of 25956239?
41, 633079
List the prime factors of 385223.
385223
List the prime factors of 1260248.
2, 11, 14321
List the prime factors of 222864.
2, 3, 4643
What are the prime factors of 1210761?
3, 44843
What are the prime factors of 13998?
2, 3, 2333
What are the prime factors of 153163?
97, 1579
What are the prime factors of 6840413?
6840413
What are the prime factors of 200618?
2, 11, 829
List the prime factors of 571266.
2, 3, 71, 149
List the prime factors of 575291.
61, 9431
List the prime factors of 150950.
2, 5, 3019
What are the prime factors of 10114599?
3, 11, 306503
What are the prime factors of 7681?
7681
List the prime factors of 2809470.
2, 3, 5, 71, 1319
List the prime factors of 25265.
5, 31, 163
What are the prime factors of 33256054?
2, 13, 157, 8147
What are the prime factors of 28296?
2, 3, 131
List the prime factors of 5966320.
2, 5, 17, 41, 107
What are the prime factors of 680337?
3, 7, 10799
List the prime factors of 322094.
2, 161047
List the prime factors of 7616132.
2, 797, 2389
What are the prime factors of 11114840?
2, 5, 11, 25261
List the prime factors of 15592096.
2, 13, 37, 1013
What are the prime factors of 6894881?
7, 71, 13873
List the prime factors of 97589.
23, 4243
List the prime factors of 13015784.
2, 31, 1693
List the prime factors of 63381.
3, 37, 571
List the prime factors of 3505423.
191, 18353
List the prime factors of 677953.
677953
List the prime factors of 507010.
2, 5, 7, 7243
List the prime factors of 13427336.
2, 13, 41, 47, 67
List the prime factors of 20455557.
3, 61, 111779
List the prime factors of 472723.
463, 1021
List the prime factors of 292750.
2, 5, 1171
List the prime factors of 1200470.
2, 5, 120047
What are the prime factors of 789670?
2, 5, 7, 29, 389
What are the prime factors of 1584017?
1584017
List the prime factors of 87172.
2, 19, 31, 37
List the prime factors of 71787.
3, 23929
List the prime factors of 620386.
2, 13, 107, 223
List the prime factors of 950708.
2, 11, 17, 31, 41
What are the prime factors of 1171880?
2, 5, 29297
List the prime factors of 364962.
2, 3, 13, 4679
What are the prime factors of 775352?
2, 19, 5101
List the prime factors of 2313435.
3, 5, 154229
List the prime factors of 6648404.
2, 7, 19, 12497
What are the prime factors of 433923?
3, 7, 20663
List the prime factors of 7785431.
23, 338497
What are the prime factors of 40925356?
2, 10231339
List the prime factors of 3592602.
2, 3, 13, 1181
What are the prime factors of 16409854?
2, 61, 134507
What are the prime factors of 152982?
2, 3, 2833
What are the prime factors of 10230900?
2, 3, 5, 67, 509
List the prime factors of 3858420.
2, 3, 5, 107, 601
List the prime factors of 3076490.
2, 5, 17, 18097
What are the prime factors of 810068?
2, 7, 4133
What are the prime factors of 395858?
2, 43, 4603
What are the prime factors of 934492?
2, 13, 17971
List the prime factors of 5067095.
5, 11, 181, 509
List the prime factors of 110805.
3, 5, 83, 89
What are the prime factors of 2646784?
2, 7, 211
List the prime factors of 443336.
2, 151, 367
List the prime factors of 6591013.
11, 13, 46091
What are the prime factors of 13529507?
653, 20719
List the prime factors of 2159682.
2, 3, 7, 51421
What are the prime factors of 12567110?
2, 5, 1256711
What are the prime factors of 620277?
3, 7, 29537
List the prime factors of 1114609.
257, 4337
List the prime factors of 34801.
13, 2677
What are the prime factors of 1587714?
2, 3, 264619
List the prime factors of 328939.
13, 25303
What are the prime factors of 980797?
131, 7487
What are the prime factors of 1980695?
5, 89, 4451
List the prime factors of 29936628.
2, 3, 19, 1621
List the prime factors of 2402722.
2, 7, 73, 2351
List the prime factors of 6294559.
1523, 4133
List the prime factors of 14469.
3, 7, 13, 53
What are the prime factors of 6727721?
7, 11, 13, 47
List the prime factors of 604372.
2, 139, 1087
What are the prime factors of 1723915?
5, 557, 619
What are the prime factors of 17627067?
3, 1958563
What are the prime factors of 113387?
71, 1597
List the prime factors of 96920.
2, 5, 2423
List the prime factors of 2693987.
41, 65707
List the prime factors of 1137448.
2, 13, 10937
List the prime factors of 12973849.
7, 277, 6691
List the prime factors of 442569.
3, 29, 5087
What are the prime factors of 364443?
3, 29, 59, 71
What are the prime factors of 198706?
2, 73, 1361
What are the prime factors of 475671?
3, 7, 22651
List the prime factors of 56308.
2, 7, 2011
List the prime factors of 1852426.
2, 929, 997
List the prime factors of 163017.
3, 59, 307
What are the prime factors of 1202280?
2, 3, 5, 43, 233
What are the prime factors of 3062577?
3, 7, 41, 3557
What are the prime factors of 14914490?
2, 5, 1491449
What are the prime factors of 514043?
331, 1553
List the prime factors of 2505495.
3, 5, 167033
List the prime factors of 985320.
2, 3, 5, 7, 17, 23
What are the prime factors of 37325697?
3, 29, 97, 4423
What are the prime factors of 1431114?
2, 3, 238519
What are the prime factors of 597170?
2, 5, 7, 19, 449
List the prime factors of 86674.
2, 7, 41, 151
List the prime factors of 6310838.
2, 647, 4877
List the prime factors of 17813541.
3, 103, 57649
List the prime factors of 19425111.
3, 37, 139, 1259
What are the prime factors of 66079?
13, 17, 23
List the prime factors of 8197200.
2, 3, 5, 11, 23
List the prime factors of 41750.
2, 5, 167
What are the prime factors of 7887325?
5, 315493
What are the prime factors of 22079292?
2, 3, 19, 179, 541
What are the prime factors of 443424?
2, 3, 31, 149
List the prime factors of 1242790.
2, 5, 19, 31, 211
List the prime factors of 5676715.
5, 11, 853
What are the prime factors of 1059349?
1059349
List the prime factors of 548689.
313, 1753
What are the prime factors of 815291?
815291
List the prime factors of 10082726.
2, 43, 117241
What are the prime factors of 7165610?
2, 5, 29, 24709
List the prime factors of 98026.
2, 23, 2131
What are the prime factors of 27814216?
2, 1741, 1997
List the prime factors of 651141.
3, 71, 1019
What are the prime factors of 57553?
67, 859
What are the prime factors of 7186466?
2, 7, 513319
List the prime factors of 879371.
879371
List the prime factors of 791662.
2, 59, 6709
What are the prime factors of 667339?
139, 4801
What are the prime factors of 195463?
71, 2753
List the prime factors of 16593953.
1013, 16381
What are the prime factors of 275222?
2, 241, 571
What are the prime factors of 5965109?
929, 6421
List the prime factors of 17477527.
3083, 5669
What are the prime factors of 414424?
2, 51803
List the prime factors of 105774.
2, 3, 17, 61
What are the prime factors of 56571?
3, 109, 173
What are the prime factors of 26315?
5, 19, 277
What are the prime factors of 5247871?
5247871
List the prime factors of 2440715.
5, 488143
List the prime factors of 620717.
620717
What are the prime factors of 1594181?
83, 19207
What are the prime factors of 126943?
126943
List the prime factors of 4845149.
79, 61331
List the prime factors of 183703.
13, 1087
List the prime factors of 4261138.
2, 7, 43481
List the prime factors of 1377570.
2, 3, 5, 47, 977
What are the prime factors of 1797807?
3, 11, 157, 347
What are the prime factors of 97846?
2, 7, 29, 241
What are the prime factors of 12224450?
2, 5, 7, 53, 659
List the prime factors of 4175730.
2, 3, 5, 13, 43, 83
List the prime factors of 1303653.
3, 13, 33427
List the prime factors of 262531.
17, 15443
List the prime factors of 233810.
2, 5, 103, 227
List the prime factors of 4071421.
4071421
What are the prime factors of 487328?
2, 97, 157
What are the prime factors of 5660465?
5, 167, 6779
List the prime factors of 117538.
2, 17, 3457
List the prime factors of 631028.
2, 19, 23
What are the prime factors of 